25?
25
Calculate the greatest common factor of 459 and 7191.
153
What is the highest common divisor of 1209 and 744?
93
Calculate the highest common divisor of 3210 and 66019.
107
Calculate the greatest common factor of 3081386 and 44.
22
Calculate the highest common divisor of 936 and 450.
18
Calculate the greatest common divisor of 462 and 171633.
231
Calculate the greatest common factor of 106 and 101071.
53
What is the greatest common factor of 225590 and 280?
10
What is the highest common factor of 130 and 407030?
130
What is the highest common divisor of 5295 and 10?
5
Calculate the highest common divisor of 420 and 1468992.
84
What is the highest common factor of 97428 and 69?
69
What is the greatest common factor of 24017 and 1533?
511
What is the highest common factor of 35840 and 1440?
160
Calculate the highest common factor of 670 and 550405.
335
Calculate the greatest common factor of 6820 and 102905.
55
What is the greatest common factor of 55 and 351835?
55
Calculate the greatest common factor of 25060 and 455.
35
Calculate the highest common divisor of 132370 and 2380.
70
Calculate the highest common factor of 26494 and 52.
26
What is the greatest common divisor of 1568 and 15200?
32
Calculate the highest common divisor of 975 and 5655.
195
What is the highest common factor of 6600289 and 7745?
1549
Calculate the greatest common divisor of 4784 and 59984.
368
What is the greatest common divisor of 108001 and 17?
17
What is the highest common divisor of 71820 and 99540?
1260
Calculate the greatest common divisor of 277445 and 35.
35
What is the highest common factor of 1134 and 1345050?
126
Calculate the greatest common factor of 8500 and 1375.
125
What is the greatest common divisor of 362681 and 11?
11
Calculate the greatest common factor of 1520730 and 15.
15
What is the greatest common factor of 2276 and 4?
4
Calculate the highest common factor of 1060 and 196.
4
What is the highest common divisor of 666 and 33522?
222
What is the highest common factor of 16511 and 247?
19
What is the greatest common divisor of 194348 and 28?
28
Calculate the highest common factor of 1507 and 9988.
11
Calculate the highest common divisor of 399891 and 612.
51
What is the greatest common divisor of 3245 and 54505?
55
What is the greatest common divisor of 4 and 471744?
4
Calculate the greatest common factor of 706898 and 4568.
1142
What is the greatest common divisor of 4043286 and 481?
481
What is the greatest common factor of 1100 and 5620?
20
Calculate the greatest common factor of 21966 and 161.
7
What is the greatest common factor of 108095 and 585?
65
Calculate the greatest common divisor of 1998937 and 79.
79
Calculate the highest common factor of 96216 and 3040.
152
Calculate the greatest common divisor of 173215 and 980.
245
What is the greatest common factor of 68635 and 8533?
371
Calculate the highest common factor of 1359 and 17818.
151
What is the highest common divisor of 6225 and 5966040?
1245
What is the highest common factor of 756705 and 30?
15
Calculate the greatest common divisor of 1342 and 5426377.
671
Calculate the highest common factor of 175537 and 406.
29
Calculate the highest common factor of 406823 and 43.
43
What is the greatest common divisor of 6004 and 2517177?
1501
What is the highest common divisor of 305 and 1445?
5
What is the greatest common divisor of 5512556 and 2191?
2191
Calculate the greatest common factor of 10 and 3576280.
10
What is the highest common factor of 148 and 5396746?
74
Calculate the greatest common factor of 44344 and 241.
241
Calculate the highest common factor of 166362 and 294.
42
Calculate the greatest common divisor of 7285 and 1581.
31
What is the greatest common divisor of 13 and 564941?
13
What is the greatest common factor of 81442 and 214022?
1894
Calculate the highest common factor of 355012 and 1054.
62
Calculate the greatest common divisor of 776 and 874164.
388
Calculate the highest common divisor of 49926 and 3498.
318
Calculate the greatest common factor of 79 and 495883.
79
Calculate the greatest common divisor of 137224 and 136.
136
What is the greatest common divisor of 553147 and 19?
19
Calculate the greatest common factor of 979 and 801.
89
What is the highest common factor of 23 and 2346?
23
What is the greatest common factor of 272 and 3417?
17
Calculate the greatest common divisor of 150487 and 122.
61
Calculate the highest common factor of 30 and 8355.
15
Calculate the highest common divisor of 7965 and 24426.
531
Calculate the highest common factor of 4158504 and 74.
74
Calculate the highest common factor of 992 and 6496.
32
What is the highest common divisor of 4 and 61972?
4
Calculate the highest common factor of 180 and 1994328.
36
Calculate the greatest common divisor of 498917 and 213.
71
Calculate the highest common divisor of 148405 and 670.
335
Calculate the highest common factor of 1785 and 4970.
35
Calculate the highest common divisor of 4511 and 13.
13
Calculate the highest common factor of 6507 and 297.
27
What is the greatest common divisor of 801 and 19491?
267
Calculate the highest common factor of 5085 and 3960.
45
What is the greatest common factor of 1290 and 56244?
258
Calculate the highest common divisor of 26872 and 16.
8
What is the greatest common factor of 25543 and 14329?
623
Calculate the highest common factor of 7711679 and 718.
359
Calculate the highest common divisor of 27 and 205281.
27
What is the highest common factor of 1824452 and 4508?
644
What is the greatest common divisor of 115803 and 2700?
27
What is the greatest common divisor of 11920 and 5120?
80
What is the highest common divisor of 32464 and 16?
16
What is the highest common divisor of 608 and 273448?
152
Calculate the highest common divisor of 212 and 55438.
106
What is the highest common factor of 35600 and 6025?
25
What is the greatest common factor of 380 and 161060?
20
Calculate the highest common divisor of 664439 and 211.
211
Calculate the highest common factor of 197106 and 390.
78
Calculate the highest common divisor of 9342 and 2768.
346
What is the highest common divisor of 1599 and 3690?
123
Calculate the greatest common factor of 487257 and 3.
3
Calculate the highest common factor of 183 and 25559.
61
Calculate the highest common divisor of 91664 and 272.
272
Calculate the greatest common divisor of 593912 and 204.
68
What is the greatest common divisor of 26901 and 63?
63
Calculate the highest common factor of 263 and 113616.
263
What is the highest common divisor of 2268 and 2376864?
2268
What is the greatest common divisor of 25 and 237750?
25
Calculate the highest common factor of 1552 and 69452.
388
Calculate the highest common divisor of 21266 and 28126.
686
Calculate the greatest common divisor of 38344 and 40.
8
What is the highest common factor of 776652 and 132?
12
What is the greatest common factor of 448 and 6856?
8
What is the greatest common factor of 6018 and 42534?
102
What is the greatest common divisor of 2306088 and 126?
18
Calculate the greatest common factor of 7772 and 29212.
268
Calculate the greatest common factor of 3538 and 1073.
29
Calculate the highest common divisor of 1308 and 1483926.
654
What is the highest common divisor of 1704501 and 45?
9
What is the highest common factor of 339530 and 190?
190
Calculate the greatest common factor of 72544 and 128.
32
Calculate the highest common divisor of 76 and 18.
2
Calculate the highest common divisor of 4774 and 308.
154
Calculate the greatest common divisor of 840 and 13650.
210
Calculate the highest common divisor of 885432 and 2844.
948
Calculate the highest common factor of 3048890 and 52.
26
Calculate the highest common factor of 1238 and 26.
2
What is the greatest common factor of 374917 and 43?
43
Calculate the greatest common divisor of 11984 and 21504.
112
Calculate the greatest common divisor of 24177 and 9.
3
What is the highest common factor of 610 and 391315?
305
Calculate the highest common factor of 2436 and 24012.
348
Calculate the greatest common factor of 175953 and 2136.
267
Calculate the greatest common factor of 32 and 2504.
8
Calculate the greatest common factor of 263208 and 40.
8
Calculate the highest common divisor of 242 and 29007.
11
What is the hig